e 14) to base 2.
1000011110111101100000
Convert 564546 (base 9) to base 12.
143706
What is 29743 (base 10) in base 7?
152500
105065303 (base 7) to base 10
6369317
Convert 222155 (base 10) to base 14.
5ad63
What is -121d36 (base 15) in base 9?
-1561236
Convert -448865 (base 13) to base 11.
-a05a48
Convert -20520405 (base 7) to base 11.
-a86415
19d764 (base 14) to base 11
579810
Convert 122535354 (base 6) to base 8.
11042126
-5268348 (base 9) to base 2
-1010110000101010110100
1356809 (base 12) to base 7
44463516
-303130223 (base 4) to base 16
-3372b
What is -11404343 (base 5) in base 11?
-73305
Convert 905604 (base 14) to base 7.
56161304
-315031 (base 6) to base 11
-18365
-21222212111120 (base 3) to base 4
-100031112102
What is 1568706 (base 9) in base 12?
360a89
What is 53533310 (base 6) in base 16?
18284a
-20cb59 (base 15) to base 10
-1561809
Convert 14998 (base 10) to base 14.
5674
What is 1dc555 (base 14) in base 7?
12051035
-22122001010020 (base 3) to base 6
-242151523
Convert 10355725 (base 9) to base 12.
180ba58
13a840 (base 11) to base 16
358a0
Convert 10010000101111000 (base 2) to base 9.
122577
What is -3750a60 (base 11) in base 15?
-88ac4b
What is 101111000101100111110 (base 2) in base 13?
420404
3326320 (base 7) to base 13
114a45
What is -133230012212 (base 4) in base 16?
-7ec1a6
What is 10220200111112 (base 3) in base 16?
1fbdca
1687232 (base 9) to base 6
32120045
What is -11111000000001011 (base 2) in base 5?
-13030422
1c079 (base 16) to base 14
2dba9
Convert 396a74 (base 12) to base 14.
1a8572
-23a586 (base 12) to base 10
-577974
What is 265d07 (base 15) in base 4?
13001302003
What is -4201404 (base 6) in base 14?
-53b52
-aa1834 (base 14) to base 12
-1b212b2
-59c8 (base 14) to base 5
-1000120
101111111101000010001 (base 2) to base 12
639415
Convert -123112333 (base 5) to base 9.
-1111070
What is -41839 (base 13) in base 12?
-58241
-a4697 (base 11) to base 15
-30311
-2291119 (base 10) to base 14
-438d55
What is -76727 (base 10) in base 11?
-52712
-1000200002021012 (base 3) to base 6
-1243102005
23043132 (base 5) to base 10
206042
Convert -233320203 (base 4) to base 13.
-6b370
What is 1514321 (base 6) in base 11?
5aa84
What is 535210 (base 7) in base 16?
16b82
What is 1214054 (base 7) in base 9?
255645
What is 110132120 (base 4) in base 9?
137032
-2010020002120 (base 3) to base 2
-100010010111111100110
-32b5ec (base 15) to base 4
-21032102313
Convert 35e971 (base 15) to base 14.
4b266b
-10050265 (base 7) to base 6
-25524541
What is 525326 (base 7) in base 13?
323a5
42849 (base 12) to base 16
15639
What is -575353 (base 10) in base 14?
-10d969
What is -122100001112 (base 3) in base 14?
-8c4c5
Convert -aaa408 (base 11) to base 16.
-1b04e2
Convert -120054205 (base 6) to base 8.
-10444375
-1010010210210202 (base 3) to base 11
-9050768
2764021 (base 8) to base 12
317695
-89091 (base 11) to base 8
-374267
38085 (base 10) to base 2
1001010011000101
Convert 2234366 (base 8) to base 9.
1121072
What is -ac8b7 (base 15) in base 16?
-85f72
Convert 4218086 (base 9) to base 3.
11020122002220
What is -3301016 (base 8) in base 10?
-885262
Convert -147436 (base 10) to base 14.
-3ba32
214275 (base 8) to base 3
10122120211
456606 (base 7) to base 11
56334
What is -a51aa4 (base 12) in base 14?
-4b7b40
What is 334063 (base 8) in base 6?
2225415
Convert -652422 (base 8) to base 16.
-35512
Convert -510322 (base 6) to base 12.
-1b3a2
Convert -16a953 (base 14) to base 15.
-10b4d2
What is 34a30 (base 14) in base 16?
1f4e2
24410215 (base 7) to base 8
10260235
Convert -217216 (base 8) to base 9.
-121558
Convert 4725427 (base 11) to base 10.
8250051
Convert 10869 (base 11) to base 14.
5a04
Convert 10a6095 (base 13) to base 12.
1872337
-3723 (base 11) to base 5
-123430
-13df9 (base 16) to base 2
-10011110111111001
315253 (base 7) to base 2
1101010110010001
17a2 (base 11) to base 2
100011110010
Convert 872a4 (base 11) to base 15.
27886
131527 (base 13) to base 9
771057
What is -111011011100111001111 (base 2) in base 15?
-287341
Convert 163a66 (base 13) to base 15.
ad3ee
What is -1274401 (base 11) in base 16?
-219967
What is -1bd02 (base 15) in base 5?
-10400202
11110110001010011 (base 2) to base 6
2411255
Convert 114324 (base 14) to base 15.
b9291
What is 101111101111010000101000 (base 2) in base 15?
1172e49
-402774 (base 9) to base 2
-111010001011010000
What is 1211010211002 (base 3) in base 4?
3230021102
1000456 (base 9) to base 8
2016550
-130da1 (base 14) to base 16
-a0191
What is -532361 (base 7) in base 2?
-10110011111010010
Convert 431487 (base 13) to base 10.
1573839
Convert db47c7 (base 14) to base 12.
25a1b0b
Convert -3420004 (base 5) to base 6.
-1144405
What is -1467957 (base 10) in base 13?
-3c521a
Convert 9fd97f (base 16) to base 10.
10475903
Convert -987896 (base 10) to base 11.
-615248
What is 667825 (base 9) in base 12?
1731a2
Convert 217a99 (base 11) to base 16.
54cf2
14517a (base 11) to base 8
672256
Convert -5443453 (base 6) to base 8.
-1020071
What is -259e4 (base 16) in base 13?
-55198
Convert -11111101100100111 (base 2) to base 6.
-2441023
-101110101011010100011001 (base 2) to base 11
-69a8149
-1010001100100110000 (base 2) to base 8
-1214460
-43873 (base 12) to base 9
-145526
-13736a (base 13) to base 7
-4006602
What is 5019d (base 15) in base 13?
8b4cb
What is 212301232 (base 4) in base 5?
20040310
13cd (base 14) to base 13
17a3
What is 1101111010100011000 (base 2) in base 16?
6f518
302978 (base 11) to base 13
140879
What is -643c5 (base 15) in base 2?
-1001101101010011110
What is 37814 (base 12) in base 14?
1d70c
Convert -190b8 (base 16) to base 11.
-70089
Convert -1122343 (base 8) to base 4.
-1022103203
What is 353463 (base 11) in base 15?
b12d9
13302121 (base 5) to base 11
9219a
Convert 110022112001001 (base 3) to base 15.
8943ca
a10390 (base 12) to base 13
69b38b
What is -1331324414 (base 5) in base 3?
-20101001001002
-1227314 (base 10) to base 6
-42150002
-5040a (base 16) to base 12
-13a28a
Convert 2b998a (base 12) to base 9.
1351727
What is 44524005 (base 7) in base 12?
135aa86
Convert 6016145 (base 7) to base 13.
1bb49b
Convert 33136354 (base 7) to base 5.
1212143310
-13b46 (base 14) to base 12
-24342
What is 12b5754 (base 12) in base 4?
32030203300
What is -365661 (base 9) in base 11?
-1408a6
23211322210 (base 4) to base 12
1026744
Convert 23e8a5 (base 15) to base 6.
100510102
What is 322003 (base 8) in base 11?
73869
What is 103231230 (base 4) in base 12?
3a890
201121020 (base 4) to base 14
37bba
Convert 1418588 (base 9) to base 13.
214358
-11232011 (base 5) to base 15
-203db
What is 1acbd (base 15) in base 11?
5a611
What is -675616 (base 8) in base 13?
-7cb6a
What is 12102222100220 (base 3) in base 11?
16a6565
202322020222 (base 4) to base 9
18186747
Convert 302233021113 (base 4) to base 14.
1aa30a3
What is 4382c (base 15) in base 10?
214467
Convert -202221111212 (base 3) to base 4.
-1210221203
Convert -1110232101 (base 4) to base 5.
-42101100
What is 32231332331 (base 4) in base 3?
21021000200102
What is -224004222 (base 6) in base 16?
-3ea9b6
What is ded30 (base 15) in base 9?
1288600
What is 744329 (base 11) in base 2?
100100010111011010111
What is -371642 (base 9) in base 4?
-312301013
What is 14112614 (base 7) in base 11?
818533
Convert -11315581 (base 9) to base 7.
-64524343
Convert -22110020010102 (base 3) to base 10.
-4492190
Convert 11001111111101001 (base 2) to base 3.
12102001110
-3eb380 (base 16) to base 13
-b0b491
What is -c7065 (base 13) in base 16?
-57732
What is -1542335 (base 6) in base 16?
-16493
What is -1135166 (base 7) in base 14?
-3a3dd
Convert 1168123 (base 10) to base 9.
2170324
Convert -31764 (base 10) to base 14.
-b80c
3b323 (base 16) to base 7
2026621
1044212 (base 5) to base 3
221121221
220205103 (base 6) to base 11
2249008
What is -100010011110110111000 (base 2) in base 12?
-465a74
What is -40601571 (base 8) in base 6?
-504010253
-1081a72 (base 11) to base 6
-104312021
595492 (base 10) to base 16
91624
-189796 (base 10) to base 4
-232111210
Convert 736603 (base 9) to base 2.
1101010111010000001
What is -129b86 (base 13) in base 3?
-211212111111
What is -3300114 (base 6) in base 5?
-20211332
Convert -140111302 (base 5) to base 7.
-6003310
What is -3981785 (base 10) in base 9?
-7437875
41342241 (bas